{"id":114,"date":"2024-01-05T15:12:14","date_gmt":"2024-01-05T15:12:14","guid":{"rendered":"https:\/\/sandnestattooconvention.com\/?page_id=114"},"modified":"2024-01-05T15:15:20","modified_gmt":"2024-01-05T15:15:20","slug":"drem-spectre-tattoo-collective","status":"publish","type":"page","link":"https:\/\/sandnestattooconvention.com\/index.php\/drem-spectre-tattoo-collective\/","title":{"rendered":"Dream Spectre Tattoo Collective"},"content":{"rendered":"\n<p>Kim Dahlstedt<\/p>\n\n\n\n<p>Driver Dream Spectre tattoo collective sammen med Camilla Alslie og Martin Enger som vi \u00e5pnet sammen i Mars 2023.<\/p>\n\n\n\n<p>Jeg er glad i \u00e5 bruke farger og lage kreative designs som skiller seg ut fra det vanlige,<\/p>\n\n\n\n<p>Men gj\u00f8r ogs\u00e5 en del black and grey.<\/p>\n\n\n\n<p>F\u00e5r mye inspirasjon fra den \u00f8stlige kulturen b\u00e5de av folkeeventyr og nyere ting, men vet ikke helt hvor jeg setter meg p\u00e5 stil spekteret,<\/p>\n\n\n\n<p>Kanskje jeg har en neojapansk-neotrad-newschool aktig stil,haha<\/p>\n\n\n\n<p><a href=\"https:\/\/www.facebook.com\/profile.php?id=100063325234444\" target=\"_blank\" rel=\"noreferrer noopener\">FACEBOOK<\/a><\/p>\n\n\n\n<p><a href=\"https:\/\/www.instagram.com\/dahlstedttattoo?igsh=MXRwanAxcXl6YXFnaw%3D%3D&amp;utm_source=qr\" target=\"_blank\" rel=\"noreferrer noopener\">INSTAGRAM<\/a><\/p>\n\n\n\n<p><\/p>\n\n\n\n<figure class=\"wp-block-gallery has-nested-images columns-default is-cropped wp-block-gallery-1 is-layout-flex wp-block-gallery-is-layout-flex\">\n<figure class=\"wp-block-image size-large\"><img loading=\"lazy\" decoding=\"async\" width=\"768\" height=\"1024\" data-id=\"116\" src=\"https:\/\/sandnestattooconvention.com\/wp-content\/uploads\/2024\/01\/IMG_2446-768x1024.jpeg\" alt=\"\" class=\"wp-image-116\" srcset=\"https:\/\/sandnestattooconvention.com\/wp-content\/uploads\/2024\/01\/IMG_2446-768x1024.jpeg 768w, https:\/\/sandnestattooconvention.com\/wp-content\/uploads\/2024\/01\/IMG_2446-225x300.jpeg 225w, https:\/\/sandnestattooconvention.com\/wp-content\/uploads\/2024\/01\/IMG_2446-1152x1536.jpeg 1152w, https:\/\/sandnestattooconvention.com\/wp-content\/uploads\/2024\/01\/IMG_2446-1536x2048.jpeg 1536w, https:\/\/sandnestattooconvention.com\/wp-content\/uploads\/2024\/01\/IMG_2446-scaled.jpeg 1920w\" sizes=\"auto, (max-width: 768px) 100vw, 768px\" \/><\/figure>\n\n\n\n<figure class=\"wp-block-image size-large\"><img loading=\"lazy\" decoding=\"async\" width=\"768\" height=\"1024\" data-id=\"118\" src=\"https:\/\/sandnestattooconvention.com\/wp-content\/uploads\/2024\/01\/IMG_2394-768x1024.jpeg\" alt=\"\" class=\"wp-image-118\" srcset=\"https:\/\/sandnestattooconvention.com\/wp-content\/uploads\/2024\/01\/IMG_2394-768x1024.jpeg 768w, https:\/\/sandnestattooconvention.com\/wp-content\/uploads\/2024\/01\/IMG_2394-225x300.jpeg 225w, https:\/\/sandnestattooconvention.com\/wp-content\/uploads\/2024\/01\/IMG_2394-1152x1536.jpeg 1152w, https:\/\/sandnestattooconvention.com\/wp-content\/uploads\/2024\/01\/IMG_2394-1536x2048.jpeg 1536w, https:\/\/sandnestattooconvention.com\/wp-content\/uploads\/2024\/01\/IMG_2394-scaled.jpeg 1920w\" sizes=\"auto, (max-width: 768px) 100vw, 768px\" \/><\/figure>\n\n\n\n<figure class=\"wp-block-image size-large\"><img loading=\"lazy\" decoding=\"async\" width=\"768\" height=\"1024\" data-id=\"115\" src=\"https:\/\/sandnestattooconvention.com\/wp-content\/uploads\/2024\/01\/IMG_8558-768x1024.jpeg\" alt=\"\" class=\"wp-image-115\" srcset=\"https:\/\/sandnestattooconvention.com\/wp-content\/uploads\/2024\/01\/IMG_8558-768x1024.jpeg 768w, https:\/\/sandnestattooconvention.com\/wp-content\/uploads\/2024\/01\/IMG_8558-225x300.jpeg 225w, https:\/\/sandnestattooconvention.com\/wp-content\/uploads\/2024\/01\/IMG_8558-1152x1536.jpeg 1152w, https:\/\/sandnestattooconvention.com\/wp-content\/uploads\/2024\/01\/IMG_8558.jpeg 1536w\" sizes=\"auto, (max-width: 768px) 100vw, 768px\" \/><\/figure>\n\n\n\n<figure class=\"wp-block-image size-large\"><img loading=\"lazy\" decoding=\"async\" width=\"768\" height=\"1024\" data-id=\"117\" src=\"https:\/\/sandnestattooconvention.com\/wp-content\/uploads\/2024\/01\/IMG_1918-768x1024.jpeg\" alt=\"\" class=\"wp-image-117\" srcset=\"https:\/\/sandnestattooconvention.com\/wp-content\/uploads\/2024\/01\/IMG_1918-768x1024.jpeg 768w, https:\/\/sandnestattooconvention.com\/wp-content\/uploads\/2024\/01\/IMG_1918-225x300.jpeg 225w, https:\/\/sandnestattooconvention.com\/wp-content\/uploads\/2024\/01\/IMG_1918-1152x1536.jpeg 1152w, https:\/\/sandnestattooconvention.com\/wp-content\/uploads\/2024\/01\/IMG_1918-1536x2048.jpeg 1536w, https:\/\/sandnestattooconvention.com\/wp-content\/uploads\/2024\/01\/IMG_1918-scaled.jpeg 1920w\" sizes=\"auto, (max-width: 768px) 100vw, 768px\" \/><\/figure>\n<\/figure>\n","protected":false},"excerpt":{"rendered":"<p>Kim Dahlstedt Driver Dream Spectre tattoo collective sammen med Camilla Alslie og Martin Enger som vi \u00e5pnet sammen i Mars 2023. Jeg er glad i \u00e5 bruke farger og lage kreative designs som skiller seg ut fra det vanlige, Men gj\u00f8r ogs\u00e5 en del black and grey. F\u00e5r mye inspirasjon fra den \u00f8stlige kulturen b\u00e5de [&hellip;]<\/p>\n","protected":false},"author":1,"featured_media":0,"parent":0,"menu_order":0,"comment_status":"closed","ping_status":"closed","template":"","meta":{"footnotes":""},"class_list":["post-114","page","type-page","status-publish","hentry"],"_links":{"self":[{"href":"https:\/\/sandnestattooconvention.com\/index.php\/wp-json\/wp\/v2\/pages\/114","targetHints":{"allow":["GET"]}}],"collection":[{"href":"https:\/\/sandnestattooconvention.com\/index.php\/wp-json\/wp\/v2\/pages"}],"about":[{"href":"https:\/\/sandnestattooconvention.com\/index.php\/wp-json\/wp\/v2\/types\/page"}],"author":[{"embeddable":true,"href":"https:\/\/sandnestattooconvention.com\/index.php\/wp-json\/wp\/v2\/users\/1"}],"replies":[{"embeddable":true,"href":"https:\/\/sandnestattooconvention.com\/index.php\/wp-json\/wp\/v2\/comments?post=114"}],"version-history":[{"count":2,"href":"https:\/\/sandnestattooconvention.com\/index.php\/wp-json\/wp\/v2\/pages\/114\/revisions"}],"predecessor-version":[{"id":122,"href":"https:\/\/sandnestattooconvention.com\/index.php\/wp-json\/wp\/v2\/pages\/114\/revisions\/122"}],"wp:attachment":[{"href":"https:\/\/sandnestattooconvention.com\/index.php\/wp-json\/wp\/v2\/media?parent=114"}],"curies":[{"name":"wp","href":"https:\/\/api.w.org\/{rel}","templated":true}]}}